?
20
Suppose -d - 360 = -5*d. Let i(a) = -a**3 - 3*a**2 - 4*a + 2. Let b be i(-2). Suppose -42 - 18 = -b*t. Calculate the greatest common factor of t and d.
10
Let m(a) = -a**3 - a - 2. Let y be m(-3). Let x be -6 - ((-2 - -2) + -6). Suppose x = -19*b + 8*b + 44. Calculate the greatest common divisor of y and b.
4
Let q = -23 + 25. Suppose -3*f = q*p - 120, -5*p - 2*f + 282 = f. What is the greatest common divisor of 18 and p?
18
Let d = 293 - 182. What is the highest common divisor of d and 3?
3
Let c be 5541/33 - 10/(-110). What is the highest common factor of c and 560?
56
Let c = 149 + -248. Let l be c/12 - 5/(-20). Let q be ((-60)/l + 1)*2. Calculate the greatest common factor of 17 and q.
17
Let n(g) = -7*g**2 - 3*g + 2. Let r be n(2). Let d be 8/r + 318/(-8). Let l = -15 - d. Calculate the greatest common factor of 5 and l.
5
Suppose 394 = 12*o - 1478. Calculate the highest common factor of 130 and o.
26
Let y(o) = 5*o**2 - 5*o - 1. Let h be y(5). Suppose -3*g = -3*s + 159, g = 3*g - 6. Let m = s + -45. What is the highest common factor of m and h?
11
Let o(a) = 10 - 9 + 2*a - 7. Let x be o(9). Calculate the greatest common factor of x and 3.
3
Let m(w) = -w**3 + 8*w**2 + 7*w. Let j be m(8). Let r = -615 - -629. What is the highest common factor of r and j?
14
Suppose -4*x + x + 12 = 0. Let p = -251 + 379. Suppose -2*b + r = -3*b + 52, -3*b + x*r + p = 0. What is the highest common divisor of 16 and b?
16
Let p(r) = 4*r - 13. Suppose -8*q - 18 = -50. Let h be p(q). Calculate the greatest common divisor of 5 and h.
1
Suppose 4*d = 10 - 2. Let m = d + 2. Suppose z = 5*z - 4*v - 108, -3*v = m*z - 94. Calculate the greatest common divisor of 10 and z.
5
Let j = 22 + -20. Suppose 0 = -m - j*s + 81, 5*m + 209 = -5*s + 599. Let r be 5/(1*5/m). Calculate the highest common divisor of r and 30.
15
Let z be 1/(-9) - ((-3377)/99 - -13). What is the greatest common factor of 651 and z?
21
Suppose 4*h - 7 = 9. What is the greatest common factor of h and 140?
4
Let z be 17/85 - 112176/(-45). What is the greatest common divisor of z and 9?
9
Suppose -5*x - 10 + 5 = 0, 0 = -5*j - 3*x + 172. What is the highest common divisor of 55 and j?
5
Suppose 0 = 3*o - 12 + 3. Suppose s + 2*j - 7 = -0*s, s - o*j - 32 = 0. Suppose 2*f - 41 = -s. What is the highest common divisor of 30 and f?
6
Suppose m = -a + 355, 5*a + 4*m + 429 = 2209. What is the highest common factor of 20 and a?
20
Suppose -5*f + 27 + 228 = 5*o, 4*f + 228 = 5*o. Let v(a) = a**3 - 6*a**2 + 2*a. Let r be v(6). What is the greatest common factor of r and o?
12
Let o(t) = -t**3 + t**2 - t - 8. Let x be o(0). Let m be x/(-12) + (-170)/(-15). What is the highest common divisor of m and 12?
12
Let d(q) = q**2 - 13*q - 123. Let x be d(22). Let w be 20/8*(8 - 2). What is the highest common divisor of w and x?
15
Let r = -51 - -31. Let b be r/(-5)*(-3)/(-4). Suppose -b*v = -5*v + 32. What is the highest common factor of 40 and v?
8
Let o(t) = -t**3 + 4*t**2 + 10*t + 14. Let u be o(6). Suppose 2*s + 5*y = -19, -3*y - 10 + 1 = u*s. Calculate the greatest common factor of 3 and s.
3
Let h(s) = s**2 - 7*s + 3. Let j = 8 - 9. Let g be 10*j*-1 + -3. Let r be h(g). Calculate the greatest common factor of r and 3.
3
Let o(f) = -2*f - 8. Let w be o(-6). Suppose -8*p + 18 = -2*p. Suppose -p = -i + w*g, -3*i + 0*i = g - 74. Calculate the greatest common factor of i and 207.
23
Let b be (-7)/14 - (-318)/4. Let f = 12 + b. What is the highest common factor of 13 and f?
13
Let y = 16 - 13. Let u = y - 1. Suppose -u*a = -5*a + 6. What is the highest common divisor of 22 and a?
2
Let v = -97 - -145. Suppose v = -2*i + 5*i. Let z be ((-1768)/3757)/((-2)/17). Calculate the greatest common divisor of i and z.
4
Suppose -2*v = 1 - 5. Suppose i = l - 3*l + 13, 0 = v*l - 10. Calculate the highest common factor of 6 and i.
3
Suppose -56*y + 3325 = -49*y. Calculate the highest common divisor of 95 and y.
95
Let c(q) = -2*q**2 + 3*q - 1. Let x be c(2). Let m be 202 + (-12)/(x - -6). Suppose 0 = -3*a - 0*a + 66. Calculate the greatest common factor of a and m.
22
Let u(o) = 3*o + 2*o - 12 - 4*o + o**2 + 0*o. Let w be u(7). Calculate the highest common divisor of w and 176.
44
Suppose -3*j - 15 = 0, 2*k - 13*j - 132 = -9*j. Calculate the highest common divisor of k and 392.
56
Let x(k) = 14*k + 27. Let z be x(12). Calculate the highest common factor of z and 65.
65
Let h(k) = k**3 - 27*k**2 + 33*k + 13. Let j be h(26). Calculate the greatest common factor of 15 and j.
15
Let n(f) = 287*f**2 - 12*f - 15. Let m be n(-1). What is the greatest common factor of m and 781?
71
Let h = -179 - -289. Let v = -40 - -41. Suppose 2*b - 19 - v = 0. Calculate the greatest common divisor of b and h.
10
Suppose -5*o + 625 = 2*f, -250 = -2*o + 28*f - 23*f. Calculate the greatest common divisor of o and 15.
5
Let t = -22 + 31. Let d(w) = -w + 9 + w**2 + w**3 + 63 - 2*w**2 - 2*w**3. Let k be d(0). What is the highest common divisor of t and k?
9
Suppose -f + 272 = -5*a, 4*f + 23*a - 18*a - 1163 = 0. Calculate the highest common divisor of 7 and f.
7
Suppose -w = t - 8, -6*w + 7*w - 16 = -3*t. What is the greatest common divisor of 3 and w?
1
Suppose 0 = -19*l + 7*l - 36. Let t be (-50)/l*(-78)/(-65). What is the greatest common divisor of t and 30?
10
Let s(r) = 13*r + 5. Let j be s(2). What is the highest common factor of 93 and j?
31
Suppose -7*u = -3*u - 8. Suppose u*m - b = 263, -159 = -2*m - 4*b + 119. Let q(r) = -39*r + 19. Let d be q(0). Calculate the greatest common divisor of m and d.
19
Let m = -219 + 239. Calculate the greatest common divisor of m and 1880.
20
Suppose 5*c = 142 + 218. Let b be 10/3*c/10. Let h = 646 + -406. What is the greatest common divisor of b and h?
24
Let y = -106 + 74. Suppose 4*d = -4*j, -2*d - 5*j - 6 = -j. Let b be d*1*y/(-3). What is the highest common divisor of b and 8?
8
Let j be (-6 + 5)*(94 + -2). Let g = -8 - j. Calculate the highest common factor of 12 and g.
12
Let s(q) = q**3 - 2*q**2 + 3*q + 1. Let x be s(3). Suppose -3*h - 4*t + x = 0, -5*h = -t - 37 - 33. What is the highest common factor of 13 and h?
13
Let n(q) = 3*q - 1. Let f be n(1). Let m(g) = g**2 + 5*g - 13. Let c be m(-7). Let a be ((-5)/c)/(-1)*f. What is the greatest common factor of 50 and a?
10
Suppose -t - 5 - 30 = -3*z, -53 = -4*z - 5*t. Calculate the greatest common divisor of z and 192.
12
Let m(n) = -n**3 - 14*n**2 - n + 6. Let g be m(-14). Suppose -7*f + g = -3*f. What is the highest common factor of 20 and f?
5
Let s = 163 - 154. Calculate the greatest common divisor of s and 45.
9
Let h be 5/(0 + 7/399). What is the greatest common divisor of 15 and h?
15
Suppose -2*d + 14 = -10. Suppose b = -5*z + d, -3*z = -4*z. Calculate the highest common factor of b and 30.
6
Let p(i) = 2*i - 5. Let d be p(4). Let r = 4 - d. Suppose 4*v + 5*w = 113, -2*v + 72 = -3*w - r. What is the greatest common factor of v and 8?
8
Let g be 49/4 + (-2)/8. Suppose -2*t + 6*m - 11*m = 1, 5*m - 35 = -5*t. What is the highest common factor of t and g?
12
Suppose -z - 2 = 0, -5*b - 5*z = -8 - 7. Suppose 4*c + 0*v = 2*v - 140, 86 = -2*c + b*v. Let k = -17 - c. Calculate the greatest common divisor of k and 16.
16
Let l be (-15)/(-6) - (-3)/2. Let s(k) = 2*k**2 - 6*k + 2. Let f be s(l). Let z be ((-150)/4)/((-30)/40). Calculate the highest common factor of z and f.
10
Suppose -40 = -2*u + v + 3*v, u = 3*v + 16. Let z = -34 - -62. Calculate the greatest common factor of z and u.
28
Let x = -19 + 18. Let c be (-3)/(3/(-4)) - x. Suppose -2*j + c*z = j - 95, 0 = z - 2. What is the greatest common factor of 14 and j?
7
Let t be (-20)/30 - (-4)/6. Suppose t = -y - 3*y + 176. Suppose 4*p - 2*w - y = 2*w, 5*w = -4*p + 80. What is the highest common factor of 135 and p?
15
Let u be (1 + (-14)/(-4))*(-78)/(-13). Let m = -22 + u. What is the highest common factor of 1 and m?
1
Let z(x) = 90*x - 97. Let h be z(16). Calculate the highest common factor of h and 17.
17
Let r(k) = k**2 + 7*k - 4. Let p = 24 + -16. Suppose 5*n + 32 = -p. Let t be r(n). What is the highest common divisor of 4 and t?
4
Suppose -4*m = -m - c + 16, 4*m - 4*c + 8 = 0. Let x be (6/(-7) - 0)*m. Let w be 40/240 + 71/6. Calculate the highest common divisor of x and w.
6
Let x be (-6)/9 + 105/9. 